+ 15. Let h = -661 + 654. Determine f(h).
-6
Let y(t) = -9*t + 4. Let o = 698 - 703. Determine y(o).
49
Let p(b) = b**2 + 5*b + 9. Let w(l) = 2*l - 33. Let i be w(13). Calculate p(i).
23
Suppose 0 = -3*j + 21 + 48. Let x(b) = 12 - j + 2*b + b**2 + 12 + b. Give x(-3).
1
Let j(f) = -7*f - 4. Let o be j(-6). Suppose 5*n = -2*m + o, n - 5*n + 20 = -m. Let i(g) = g + 4. Determine i(n).
10
Let q(v) = v**2 - 2*v. Suppose l + 8 = -2*z, 3*l + 22 = z - 6*z. Let n(x) = -x**2 - x + 1. Let u(p) = z*n(p) - q(p). Calculate u(-3).
-5
Let z(k) = 2*k**3 - 3*k**2 + k - 1. Let p = 143 + -141. Determine z(p).
5
Let a(s) = 3*s - 3. Let b be ((-24)/(-10))/(21/70). Suppose f - 9 = -3*r, -3*f + 23 = 2*f + 4*r. Suppose f*z - b = -2. What is a(z)?
3
Let r(p) be the first derivative of -p**2/2 - 2*p + 5. Determine r(5).
-7
Let k(p) be the first derivative of -3*p**2 + 291. Let o(b) = -b - 3. Let c be o(-4). Determine k(c).
-6
Suppose -7*n = 2*n + 63. Let l(k) = k**3 + 7*k**2. Calculate l(n).
0
Let u(j) = -j**3 + 14*j**2 + 17*j - 36. Let i(w) = 3*w**2 - 42*w + 15. Let p be i(14). Let k be u(p). Let h(m) = -m**3 - 5*m**2 + 7*m + 5. Give h(k).
-1
Let b(k) = -1 + 11 + 54*k - 53*k. Let f = 16 - 16. Calculate b(f).
10
Let a(b) = -4*b + 20. Let j(l) = -23*l - 63. Let k be j(-3). Give a(k).
-4
Suppose 0 = -84*b + 180*b - 480. Let d(i) be the second derivative of i**4/12 - i**3/6 - 2*i**2 - i. What is d(b)?
16
Let z(p) = p**3 - 3*p**2 + 8*p + 7. Let a(c) = 4*c**3 - 11*c**2 + 35*c + 28. Let i(u) = -2*a(u) + 9*z(u). Give i(5).
17
Let t(h) = h**2 - 2*h - 2. Suppose 9*s = -5 - 13. What is t(s)?
6
Let l = -454 + 459. Let u(n) = n + 7. What is u(l)?
12
Let i = 2 + -7. Let x(k) = 20*k**2 + 17*k**2 - 38*k**2 - 5 - 5*k. Calculate x(i).
-5
Let k = -155 - -160. Let q(t) = -t**2 + 5*t - 4. What is q(k)?
-4
Let p(r) = -r + 497*r**3 - 496*r**3 - 68 - 3*r**2 + 3*r**2. Give p(0).
-68
Let m(l) = 8*l. Suppose -s - 5 - 2 = -2*u, 3*s + 4*u = 19. What is m(s)?
8
Let r be -24 + 1 + -1 + 1. Let g = r + 25. Let y(i) = -6*i**g - 1 + 9 + 4*i**2 + 3*i**2. Give y(0).
8
Let a(n) = -n**2 + 3*n - 5. Let p(x) = -x**2 + 4*x - 6. Let k(q) = -7*a(q) + 6*p(q). Suppose 3*w + j = -13, 0 = 8*w - 4*w + 4*j + 12. What is k(w)?
9
Let u(t) be the second derivative of -17*t**4/12 - t**3/3 + t**2/2 - 4*t + 2. Let w(a) = a**2 + 5*a + 5. Let p be w(-4). Determine u(p).
-18
Let a(i) = -6*i**3. Let o be a(-1). Suppose 9 = -3*x - o. Let c(y) = y - 1. Give c(x).
-6
Let b(k) be the third derivative of -k**5/30 - k**4/12 - 5*k**3/6 - 15*k**2. Let r(i) = i**2 + 2*i + 4. Let l(j) = 2*b(j) + 3*r(j). Give l(-2).
-6
Let o(b) = b**2 + 9*b + 6. Let g(w) = 4*w + w - 39 + 19 - 4*w. Let p be g(16). Calculate o(p).
-14
Suppose -2*m - 51 = -3*a, a - 3*m = -2*m + 17. Suppose a + 88 = -15*c. Let r(d) = -d - 7. What is r(c)?
0
Let a(m) be the second derivative of m**5/60 + m**4/4 - m**3/2 + 7*m**2 + 29*m. Let k(y) be the first derivative of a(y). What is k(-6)?
-3
Suppose -450*m = -491*m - 164. Let i(o) = -4*o - 5. Let v(p) = -3*p - 4. Let x(l) = -2*i(l) + 3*v(l). Calculate x(m).
2
Let q(k) = 84 + 6*k**2 + 5*k + 93 + k**3 - 182. Let f be 0 - (-1)/(-1) - 4. Give q(f).
-5
Let g(a) = 2*a**3 + a - 1. Let d be ((-15)/1)/(6/4). Let t be (-2)/d + (-16)/(-20). Calculate g(t).
2
Let k(t) = -t**2 + 6*t - 10. Suppose 0 = 12*z - 47 - 1. Calculate k(z).
-2
Suppose 3*a = -0*a - 12. Let m(r) be the first derivative of -r**3/3 - 5*r**2/2 + 3*r + 12. Determine m(a).
7
Suppose 0*g - 5 = -5*g. Let a(s) = -189*s - s**2 + 1 + 2*s**2 - 165*s + 352*s. What is a(g)?
0
Let d be ((-290)/45)/2 + (-2)/(-9). Let q be 9 - (2 + d)/(-1). Let m(b) = 0*b**2 - 8*b + b**2 + 0*b + 7. What is m(q)?
7
Let y(v) = 15*v + 33. Let r(b) be the third derivative of -b**4/24 - b**3/3 - 10*b**2. Let d(m) = -33*r(m) - 2*y(m). Determine d(-2).
-6
Let z(l) = -l**3 - 10*l**2 - 10*l + 3. Let k(d) = d**3 + 9*d**2 + 8*d - 3. Let j(g) = -5*k(g) - 4*z(g). Calculate j(-4).
-13
Let d(h) be the first derivative of -h**4/12 + 5*h**3/6 + h**2/2 - 3*h - 7. Let r(t) be the first derivative of d(t). Suppose 0 = 5*n - 12 - 8. Calculate r(n).
5
Let n = 4 - -15. Let v(f) = n*f - 9*f - 2*f**2 - 5*f. Give v(4).
-12
Let w(f) = f**3 + 7*f**2 + 3*f + 7. Let z be 0*(15/(-21) - 12/42). Suppose 21*o - 9*o + 84 = z. Determine w(o).
-14
Let r(b) = b**2 - 4*b - 2. Let u be r(5). Let j(x) = u*x + 4*x + 3*x. Suppose -22*s + 6 = -16*s. Give j(s).
10
Suppose 10 = -5*t + 3*i, 4*i + 1 = -t - 1. Let p(c) be the first derivative of 0*c + 3/2*c**2 + 3. Give p(t).
-6
Suppose -80 = -6*a - 4*a. Let x(z) = 6*z - 3 - 3 - 5*z. Give x(a).
2
Let c(o) = 2*o + 3 - 3. Let j be 0 + 0 + (-10)/30*9. Calculate c(j).
-6
Let b(u) = u. Let l(h) = h**2 + 3*h. Let y(f) = -8*b(f) + 3*l(f). Let k(t) = t**2 + 5*t - 203. Let c be k(-17). Calculate y(c).
4
Let d be 3*(-2 - 39/(-9)). Suppose 0 = 4*x - 2*x + 4*q - 16, x + 4 = 2*q. Let z(n) = d - n + 2*n - x*n + 0*n. Determine z(0).
7
Let b(m) = 6*m + 1. Suppose 0 = -k + 3 - 1. Let w(y) = -y**2 + 3*y - 4. Let h be w(k). Give b(h).
-11
Let l(g) = -2*g**2 - 2. Suppose -16*p + 11*p = 15. Let c(i) = i**3 + 4*i**2 + 2*i - 1. Let q be c(p). Suppose b - 5*b + q*f = 12, 3*b + 5*f = 4. Calculate l(b).
-10
Let q(h) = h**3 - 8*h**2 + 8*h - 6. Suppose -3*b = 3*i - 3, 5*b + 16 + 15 = i. Give q(i).
-30
Let k be 17/(-68)*(-8 + -4). Let z(s) be the first derivative of 1/3*s**k - 7/2*s**2 - 3*s + 14. What is z(7)?
-3
Suppose 3*k = 6*k + 45. Let s = k + 15. Let l(y) = -6 - 3*y + y + y + s*y. What is l(5)?
-11
Let v(o) be the second derivative of -o**3/2 + 9*o**2/2 + 48*o - 2. What is v(4)?
-3
Suppose 2*v + d = 2, v - 2*d = -57 + 68. Let q(h) = -h**3 + 4*h**2 + 2*h - 3. Determine q(v).
12
Suppose -4*g - 19 = z, 0 = -z - 2*z - g - 24. Let q(u) = -u**2 - 4*u + 17. Let r be q(z). Let m(w) = -w**3 - 4*w**2 + 2*w + 4. Calculate m(r).
-4
Let t(b) = -7*b**2 - 2. Let z(l) = -l**2 + 2*l. Let f(k) = -t(k) + 2*z(k). Give f(-2).
14
Let l(s) = 2*s**2 - 2*s + 1. Suppose 4*j = 2*j + 34. Let o = j + -15. Suppose 0*h = -o*h + 4. What is l(h)?
5
Let w(s) = -s**2 + 10*s - 7. Let j be w(9). Suppose 0*t + 33 = 5*t - 4*p, -j*t + 8 = p. Let h(d) = 2*d - 1 - t*d + 1 + d**2. What is h(4)?
4
Let q(x) = -x**2 - 9*x - 16. Let b(n) = n**3 - 23*n**2 - 18*n - 151. Let r be b(24). Calculate q(r).
-2
Let u(j) = -7390 + 4*j**2 + 5*j + 2*j - j**3 + 7388. Let k be ((-20)/(-6))/((-2)/(-3)). What is u(k)?
8
Let s(z) be the second derivative of z**4/12 + 7*z**3/6 + 146*z. Determine s(-6).
-6
Let o(p) be the second derivative of p**3/6 + 21*p**2/2 + 14*p. Let g be o(-17). Let q(k) = k**2 - 6*k. Give q(g).
-8
Let q(c) = -14*c + 6. Suppose -13 = -16*v + 35. Give q(v).
-36
Let o = 3665 + -3667. Let x(a) = -a - 4. Let s(q) = 1. Let k(n) = -4*s(n) - x(n). Determine k(o).
-2
Let y(a) be the third derivative of -a**4/6 + a**3/2 + 7*a**2. Let o(r) = 2*r**2 + 5*r + 6. Let c be o(-2). Calculate y(c).
-13
Suppose 0 = 27*o - 44*o - 136. Let g(s) = -s**3 - 9*s**2 - 9*s - 9. Determine g(o).
-1
Let l(n) = -54*n + 26*n + 30*n - 2. Calculate l(3).
4
Let q(m) = -m**3 - 6*m**2 + 4*m + 20. Let j = 770 + -776. Determine q(j).
-4
Let o(p) be the third derivative of p**6/360 + p**5/10 + p**4/24 - 2*p**2. Let q(u) be the second derivative of o(u). Let f be -9 + -5 + -4 + 10. Give q(f).
-4
Let m = 58 + -56. Let x = -14 - -17. Let d(n) = -x - n + 5*n + n. Give d(m).
7
Let y(i) = 1 + 7*i - i - 5 - 9*i. Let u be 1 + 3/(-3)*-3. Determine y(u).
-16
Let j(x) be the second derivative of -x**5/20 - x**4/4 + x**3/6 - x**2 + x - 29. Determine j(-3).
-5
Let t(c) = 22*c**3 + 1. Suppose 6*q - 3*q - 3 = 0. Determine t(q).
23
Let a(h) = h + 7. Let j(q) = 2*q - 4*q - 3 + 10*q**2 - 3*q**2 - q. Let k be j(-2). Suppose 5*w + k = 2*z + 2*z, -5*z = 3*w + 26. What is a(w)?
0
Let z(p) = -2*p + 4*p**2 + 25 - 26 + 5*p**3 - p**3 - 3*p**3. Give z(-4).
7
Let r(d) = d**2 + 6*d - 25. Let i be r(-9). Let j be 3*1/3 - i. Let s(p) be the third derivative of p**5/20 + p**3/6 - p**2. Give s(j).
4
Let b(l) be the first derivative of l**6/120 - l**5/60 - l**4/6 + l**3/2 + 17*l**2/2 + 11. Let k(h) be the second derivative of b(h). What is k(2)?
-1
Let k(b) be the first derivative of -b**3/3 + 3*b**2/2 + b - 170. Calculate k(-6).
-53
Let x = -2 - -4. Let h(l) = -10*l**3 - l**x + 11*l**3 - 2 + 0*l**3. Let q = -122 - -122. Calc